{"id":294,"date":"2021-12-22T11:23:47","date_gmt":"2021-12-22T11:23:47","guid":{"rendered":"https:\/\/sodelo.fsd.uni-lj.si\/main\/?page_id=294"},"modified":"2022-06-06T11:47:04","modified_gmt":"2022-06-06T11:47:04","slug":"galerija-zgodovinskih-fotografij","status":"publish","type":"page","link":"https:\/\/sodelo.fsd.uni-lj.si\/main\/galerija-zgodovinskih-fotografij\/","title":{"rendered":""},"content":{"rendered":"\n<h4 class=\"wp-block-heading\">Galerija zgodovinskih fotografij \/ Historic photos<\/h4>\n\n\n\n<p>vir (vse fotografije): Zavir\u0161ek, D. (Ur.). (2005).&nbsp;<em>\u201cZ diplomo mi je bilo la\u017eje delat!\u201d: znanstveni zbornik ob 50-letnici izobra\u017eevanja za socialno delo v Sloveniji<\/em>. Fakulteta za socialno delo.<\/p>\n\n\n\n<hr class=\"wp-block-separator has-alpha-channel-opacity\"\/>\n\n\n\n<figure class=\"wp-block-image size-full\"><img loading=\"lazy\" decoding=\"async\" width=\"1594\" height=\"989\" src=\"https:\/\/sodelo.fsd.uni-lj.si\/main\/wp-content\/uploads\/2022\/01\/slika_001-e1645691785852.jpg\" alt=\"\" class=\"wp-image-360\" srcset=\"https:\/\/sodelo.fsd.uni-lj.si\/main\/wp-content\/uploads\/2022\/01\/slika_001-e1645691785852.jpg 1594w, https:\/\/sodelo.fsd.uni-lj.si\/main\/wp-content\/uploads\/2022\/01\/slika_001-e1645691785852-300x186.jpg 300w, https:\/\/sodelo.fsd.uni-lj.si\/main\/wp-content\/uploads\/2022\/01\/slika_001-e1645691785852-1024x635.jpg 1024w, https:\/\/sodelo.fsd.uni-lj.si\/main\/wp-content\/uploads\/2022\/01\/slika_001-e1645691785852-768x477.jpg 768w, https:\/\/sodelo.fsd.uni-lj.si\/main\/wp-content\/uploads\/2022\/01\/slika_001-e1645691785852-1536x953.jpg 1536w\" sizes=\"auto, (max-width: 1594px) 100vw, 1594px\" \/><figcaption>Brucovanje 1959, \u0161tudentje igrajo na predstavi. Na sredini recitira socialni delavec Ivan Andrejc. Ob mizi levo sedi Ela Zupan\u010di\u010d, socialna delavka in dolgoletna direktorica centra za socialno delo v Ljubljani. Poleg nje sedi ena od prvih u\u010diteljic na \u0161oli dr. Majda \u0160trobl (vir Janja Rudman).<\/figcaption><\/figure>\n\n\n\n<p><\/p>\n\n\n\n<figure class=\"wp-block-image size-full\"><img loading=\"lazy\" decoding=\"async\" width=\"1656\" height=\"1014\" src=\"https:\/\/sodelo.fsd.uni-lj.si\/main\/wp-content\/uploads\/2022\/01\/slika_016-e1645691849283.jpg\" alt=\"\" class=\"wp-image-378\" srcset=\"https:\/\/sodelo.fsd.uni-lj.si\/main\/wp-content\/uploads\/2022\/01\/slika_016-e1645691849283.jpg 1656w, https:\/\/sodelo.fsd.uni-lj.si\/main\/wp-content\/uploads\/2022\/01\/slika_016-e1645691849283-300x184.jpg 300w, https:\/\/sodelo.fsd.uni-lj.si\/main\/wp-content\/uploads\/2022\/01\/slika_016-e1645691849283-1024x627.jpg 1024w, https:\/\/sodelo.fsd.uni-lj.si\/main\/wp-content\/uploads\/2022\/01\/slika_016-e1645691849283-768x470.jpg 768w, https:\/\/sodelo.fsd.uni-lj.si\/main\/wp-content\/uploads\/2022\/01\/slika_016-e1645691849283-1536x941.jpg 1536w\" sizes=\"auto, (max-width: 1656px) 100vw, 1656px\" \/><figcaption>Ekskurzija drugega letnika socialnih delavcev in delavk na \u0160tajersko januarja 1962. V drugi vrsti v sredini predavateljica predmeta metode socialnega dela Ada Klajn\u0161ek.<\/figcaption><\/figure>\n\n\n\n<p><\/p>\n\n\n\n<figure class=\"wp-block-image size-full\"><img loading=\"lazy\" decoding=\"async\" width=\"1648\" height=\"1034\" src=\"https:\/\/sodelo.fsd.uni-lj.si\/main\/wp-content\/uploads\/2022\/01\/slika_002-e1645691876204.jpg\" alt=\"\" class=\"wp-image-361\" srcset=\"https:\/\/sodelo.fsd.uni-lj.si\/main\/wp-content\/uploads\/2022\/01\/slika_002-e1645691876204.jpg 1648w, https:\/\/sodelo.fsd.uni-lj.si\/main\/wp-content\/uploads\/2022\/01\/slika_002-e1645691876204-300x188.jpg 300w, https:\/\/sodelo.fsd.uni-lj.si\/main\/wp-content\/uploads\/2022\/01\/slika_002-e1645691876204-1024x642.jpg 1024w, https:\/\/sodelo.fsd.uni-lj.si\/main\/wp-content\/uploads\/2022\/01\/slika_002-e1645691876204-768x482.jpg 768w, https:\/\/sodelo.fsd.uni-lj.si\/main\/wp-content\/uploads\/2022\/01\/slika_002-e1645691876204-1536x964.jpg 1536w\" sizes=\"auto, (max-width: 1648px) 100vw, 1648px\" \/><figcaption>Predavanje iz predmeta rehabilitacija invalidov okoli leta 1962.<\/figcaption><\/figure>\n\n\n\n<figure class=\"wp-block-image size-large\"><img loading=\"lazy\" decoding=\"async\" width=\"1024\" height=\"704\" src=\"https:\/\/sodelo.fsd.uni-lj.si\/main\/wp-content\/uploads\/2022\/01\/slika_003-1024x704.jpg\" alt=\"\" class=\"wp-image-362\" srcset=\"https:\/\/sodelo.fsd.uni-lj.si\/main\/wp-content\/uploads\/2022\/01\/slika_003-1024x704.jpg 1024w, https:\/\/sodelo.fsd.uni-lj.si\/main\/wp-content\/uploads\/2022\/01\/slika_003-300x206.jpg 300w, https:\/\/sodelo.fsd.uni-lj.si\/main\/wp-content\/uploads\/2022\/01\/slika_003-768x528.jpg 768w, https:\/\/sodelo.fsd.uni-lj.si\/main\/wp-content\/uploads\/2022\/01\/slika_003.jpg 1368w\" sizes=\"auto, (max-width: 1024px) 100vw, 1024px\" \/><figcaption>Govor drugega direktorja \u0161ole Ivana Jenka ob dvajseti obletnici izobra\u017eevanja za socialno delo in odprtju kipa dr. Antona Kr\u017ei\u0161nika leta 1975.<\/figcaption><\/figure>\n\n\n\n<p><\/p>\n\n\n\n<figure class=\"wp-block-image size-large\"><img loading=\"lazy\" decoding=\"async\" width=\"1024\" height=\"707\" src=\"https:\/\/sodelo.fsd.uni-lj.si\/main\/wp-content\/uploads\/2022\/01\/slika_004-1024x707.jpg\" alt=\"\" class=\"wp-image-363\" srcset=\"https:\/\/sodelo.fsd.uni-lj.si\/main\/wp-content\/uploads\/2022\/01\/slika_004-1024x707.jpg 1024w, https:\/\/sodelo.fsd.uni-lj.si\/main\/wp-content\/uploads\/2022\/01\/slika_004-300x207.jpg 300w, https:\/\/sodelo.fsd.uni-lj.si\/main\/wp-content\/uploads\/2022\/01\/slika_004-768x530.jpg 768w, https:\/\/sodelo.fsd.uni-lj.si\/main\/wp-content\/uploads\/2022\/01\/slika_004.jpg 1356w\" sizes=\"auto, (max-width: 1024px) 100vw, 1024px\" \/><figcaption>Kip dr. Antona Kr\u017ei\u0161nika v avli Vi\u0161je \u0161ole za socialne delavce leta 1975.<\/figcaption><\/figure>\n\n\n\n<p><\/p>\n\n\n\n<figure class=\"wp-block-image size-large is-resized\"><img loading=\"lazy\" decoding=\"async\" src=\"https:\/\/sodelo.fsd.uni-lj.si\/main\/wp-content\/uploads\/2022\/01\/slika_005-1-1024x704.jpg\" alt=\"\" class=\"wp-image-367\" width=\"690\" height=\"474\" srcset=\"https:\/\/sodelo.fsd.uni-lj.si\/main\/wp-content\/uploads\/2022\/01\/slika_005-1-1024x704.jpg 1024w, https:\/\/sodelo.fsd.uni-lj.si\/main\/wp-content\/uploads\/2022\/01\/slika_005-1-300x206.jpg 300w, https:\/\/sodelo.fsd.uni-lj.si\/main\/wp-content\/uploads\/2022\/01\/slika_005-1-768x528.jpg 768w, https:\/\/sodelo.fsd.uni-lj.si\/main\/wp-content\/uploads\/2022\/01\/slika_005-1.jpg 1368w\" sizes=\"auto, (max-width: 690px) 100vw, 690px\" \/><figcaption>Nika Arko govori ob odprtju kipa dr. Antona Kr\u017ei\u0161nika 1975.<\/figcaption><\/figure>\n\n\n\n<p><\/p>\n\n\n\n<figure class=\"wp-block-image size-large\"><img loading=\"lazy\" decoding=\"async\" width=\"1024\" height=\"698\" src=\"https:\/\/sodelo.fsd.uni-lj.si\/main\/wp-content\/uploads\/2022\/01\/slika_006-1-1024x698.jpg\" alt=\"\" class=\"wp-image-368\" srcset=\"https:\/\/sodelo.fsd.uni-lj.si\/main\/wp-content\/uploads\/2022\/01\/slika_006-1-1024x698.jpg 1024w, https:\/\/sodelo.fsd.uni-lj.si\/main\/wp-content\/uploads\/2022\/01\/slika_006-1-300x204.jpg 300w, https:\/\/sodelo.fsd.uni-lj.si\/main\/wp-content\/uploads\/2022\/01\/slika_006-1-768x523.jpg 768w, https:\/\/sodelo.fsd.uni-lj.si\/main\/wp-content\/uploads\/2022\/01\/slika_006-1.jpg 1368w\" sizes=\"auto, (max-width: 1024px) 100vw, 1024px\" \/><figcaption>Marija Jan\u010dar se rokuje z Niko Arko.<\/figcaption><\/figure>\n\n\n\n<p><\/p>\n\n\n\n<figure class=\"wp-block-image size-large\"><img loading=\"lazy\" decoding=\"async\" width=\"731\" height=\"1024\" src=\"https:\/\/sodelo.fsd.uni-lj.si\/main\/wp-content\/uploads\/2022\/01\/slika_007-1-731x1024.jpg\" alt=\"\" class=\"wp-image-369\" srcset=\"https:\/\/sodelo.fsd.uni-lj.si\/main\/wp-content\/uploads\/2022\/01\/slika_007-1-731x1024.jpg 731w, https:\/\/sodelo.fsd.uni-lj.si\/main\/wp-content\/uploads\/2022\/01\/slika_007-1-214x300.jpg 214w, https:\/\/sodelo.fsd.uni-lj.si\/main\/wp-content\/uploads\/2022\/01\/slika_007-1-768x1076.jpg 768w, https:\/\/sodelo.fsd.uni-lj.si\/main\/wp-content\/uploads\/2022\/01\/slika_007-1.jpg 948w\" sizes=\"auto, (max-width: 731px) 100vw, 731px\" \/><figcaption>Marija Jan\u010dar govori ob odprtju kipa dr. Antona Kr\u017ei\u0161nika leta 1975.<\/figcaption><\/figure>\n\n\n\n<p><\/p>\n\n\n\n<figure class=\"wp-block-image size-large\"><img loading=\"lazy\" decoding=\"async\" width=\"1024\" height=\"705\" src=\"https:\/\/sodelo.fsd.uni-lj.si\/main\/wp-content\/uploads\/2022\/01\/slika_008-1024x705.jpg\" alt=\"\" class=\"wp-image-370\" srcset=\"https:\/\/sodelo.fsd.uni-lj.si\/main\/wp-content\/uploads\/2022\/01\/slika_008-1024x705.jpg 1024w, https:\/\/sodelo.fsd.uni-lj.si\/main\/wp-content\/uploads\/2022\/01\/slika_008-300x207.jpg 300w, https:\/\/sodelo.fsd.uni-lj.si\/main\/wp-content\/uploads\/2022\/01\/slika_008-768x529.jpg 768w, https:\/\/sodelo.fsd.uni-lj.si\/main\/wp-content\/uploads\/2022\/01\/slika_008.jpg 1350w\" sizes=\"auto, (max-width: 1024px) 100vw, 1024px\" \/><figcaption>Nika Arko se rokuje z Mico Jan\u010dar.<\/figcaption><\/figure>\n\n\n\n<p><\/p>\n\n\n\n<figure class=\"wp-block-image size-large\"><img loading=\"lazy\" decoding=\"async\" width=\"1024\" height=\"702\" src=\"https:\/\/sodelo.fsd.uni-lj.si\/main\/wp-content\/uploads\/2022\/01\/slika_009-1024x702.jpg\" alt=\"\" class=\"wp-image-371\" srcset=\"https:\/\/sodelo.fsd.uni-lj.si\/main\/wp-content\/uploads\/2022\/01\/slika_009-1024x702.jpg 1024w, https:\/\/sodelo.fsd.uni-lj.si\/main\/wp-content\/uploads\/2022\/01\/slika_009-300x206.jpg 300w, https:\/\/sodelo.fsd.uni-lj.si\/main\/wp-content\/uploads\/2022\/01\/slika_009-768x527.jpg 768w, https:\/\/sodelo.fsd.uni-lj.si\/main\/wp-content\/uploads\/2022\/01\/slika_009.jpg 1356w\" sizes=\"auto, (max-width: 1024px) 100vw, 1024px\" \/><figcaption>Nika Arko se rokuje z Ivanom Jenkom.<\/figcaption><\/figure>\n\n\n\n<p><\/p>\n\n\n\n<figure class=\"wp-block-image size-large\"><img loading=\"lazy\" decoding=\"async\" width=\"1024\" height=\"699\" src=\"https:\/\/sodelo.fsd.uni-lj.si\/main\/wp-content\/uploads\/2022\/01\/slika_010-1024x699.jpg\" alt=\"\" class=\"wp-image-372\" srcset=\"https:\/\/sodelo.fsd.uni-lj.si\/main\/wp-content\/uploads\/2022\/01\/slika_010-1024x699.jpg 1024w, https:\/\/sodelo.fsd.uni-lj.si\/main\/wp-content\/uploads\/2022\/01\/slika_010-300x205.jpg 300w, https:\/\/sodelo.fsd.uni-lj.si\/main\/wp-content\/uploads\/2022\/01\/slika_010-768x524.jpg 768w, https:\/\/sodelo.fsd.uni-lj.si\/main\/wp-content\/uploads\/2022\/01\/slika_010.jpg 1372w\" sizes=\"auto, (max-width: 1024px) 100vw, 1024px\" \/><figcaption>Govor Nike Arko.<\/figcaption><\/figure>\n\n\n\n<p><\/p>\n\n\n\n<figure class=\"wp-block-image size-large\"><img loading=\"lazy\" decoding=\"async\" width=\"1024\" height=\"713\" src=\"https:\/\/sodelo.fsd.uni-lj.si\/main\/wp-content\/uploads\/2022\/01\/slika_012-1024x713.jpg\" alt=\"\" class=\"wp-image-374\" srcset=\"https:\/\/sodelo.fsd.uni-lj.si\/main\/wp-content\/uploads\/2022\/01\/slika_012-1024x713.jpg 1024w, https:\/\/sodelo.fsd.uni-lj.si\/main\/wp-content\/uploads\/2022\/01\/slika_012-300x209.jpg 300w, https:\/\/sodelo.fsd.uni-lj.si\/main\/wp-content\/uploads\/2022\/01\/slika_012-768x535.jpg 768w, https:\/\/sodelo.fsd.uni-lj.si\/main\/wp-content\/uploads\/2022\/01\/slika_012.jpg 1320w\" sizes=\"auto, (max-width: 1024px) 100vw, 1024px\" \/><figcaption>Kolektiv V\u0160SD v za\u010detku leta 1976. Stoji prva direktorica \u0161ole Mica Jan\u010dar. V klopi pred tablo sedijo z leve proti desni Lidija Kuni\u010d, Pavla Rapo\u0161a Tajn\u0161ek, Gabi \u010ca\u010dinovi\u010d Vogrin\u010di\u010d in Tatjana Golob (tajnica \u0161ole). Spredaj sedijo Teodor Stoj\u0161in, Ivan Jenko, Marjan Pav\u010di\u010d, Rado \u0160turm.<\/figcaption><\/figure>\n\n\n\n<p><\/p>\n\n\n\n<figure class=\"wp-block-image size-large\"><img loading=\"lazy\" decoding=\"async\" width=\"1024\" height=\"684\" src=\"https:\/\/sodelo.fsd.uni-lj.si\/main\/wp-content\/uploads\/2022\/01\/slika_013-1024x684.jpg\" alt=\"\" class=\"wp-image-375\" srcset=\"https:\/\/sodelo.fsd.uni-lj.si\/main\/wp-content\/uploads\/2022\/01\/slika_013-1024x684.jpg 1024w, https:\/\/sodelo.fsd.uni-lj.si\/main\/wp-content\/uploads\/2022\/01\/slika_013-300x200.jpg 300w, https:\/\/sodelo.fsd.uni-lj.si\/main\/wp-content\/uploads\/2022\/01\/slika_013-768x513.jpg 768w, https:\/\/sodelo.fsd.uni-lj.si\/main\/wp-content\/uploads\/2022\/01\/slika_013-1536x1026.jpg 1536w, https:\/\/sodelo.fsd.uni-lj.si\/main\/wp-content\/uploads\/2022\/01\/slika_013.jpg 1808w\" sizes=\"auto, (max-width: 1024px) 100vw, 1024px\" \/><figcaption>Skupinska fotografija pedago\u0161kih, upravnih in drugih delavcev \u0161ole s strate\u0161ke konference V\u0160SD na Kri\u017eni gori okoli leta 1992. V prvi vrsti \u010depijo: Rezka Re\u0161ek, Gabi \u010ca\u010dinovi\u010d Vogrin\u010di\u010d in Vida Milo\u0161evi\u010d. V drugi vrsti od leve: Ljubica Antolek, Bernard Stritih, Mija Grandovec, Mara Ovsenik in Milena \u010cuden. V tretji vrsti od leve: Antonija Zalar, Milko Po\u0161trak, Sre\u010dko Drago\u0161, Mojca Urek, Darja Zavir\u0161ek, Pavla Rapo\u0161a Tajn\u0161ek, Bla\u017e Mesec in Anton Kikelj.<\/figcaption><\/figure>\n\n\n\n<p><\/p>\n\n\n\n<figure class=\"wp-block-image size-large\"><img loading=\"lazy\" decoding=\"async\" width=\"1024\" height=\"701\" src=\"https:\/\/sodelo.fsd.uni-lj.si\/main\/wp-content\/uploads\/2022\/01\/slika_011-1024x701.jpg\" alt=\"\" class=\"wp-image-373\" srcset=\"https:\/\/sodelo.fsd.uni-lj.si\/main\/wp-content\/uploads\/2022\/01\/slika_011-1024x701.jpg 1024w, https:\/\/sodelo.fsd.uni-lj.si\/main\/wp-content\/uploads\/2022\/01\/slika_011-300x206.jpg 300w, https:\/\/sodelo.fsd.uni-lj.si\/main\/wp-content\/uploads\/2022\/01\/slika_011-768x526.jpg 768w, https:\/\/sodelo.fsd.uni-lj.si\/main\/wp-content\/uploads\/2022\/01\/slika_011.jpg 1524w\" sizes=\"auto, (max-width: 1024px) 100vw, 1024px\" \/><figcaption>Praznovanje 8. marca 1988 v sobi dekanje na \u0160aranovi\u010devi ulici. Od leve sedijo: Darja Zavir\u0161ek, Sre\u010do Drago\u0161, Ivica \u010cebular, Mara Ovsenik, Gabi \u010ca\u010dinovi\u010d Vogrin\u010di\u010d, Andreja Kavar Vidmar, Anton Kikelj, Vito Flaker (v naro\u010dju Tosja), Rezka \u0160e\u0161ek.<\/figcaption><\/figure>\n\n\n\n<p><\/p>\n\n\n\n<figure class=\"wp-block-image size-large\"><img loading=\"lazy\" decoding=\"async\" width=\"1024\" height=\"686\" src=\"https:\/\/sodelo.fsd.uni-lj.si\/main\/wp-content\/uploads\/2022\/01\/slika_014-1024x686.jpg\" alt=\"\" class=\"wp-image-376\" srcset=\"https:\/\/sodelo.fsd.uni-lj.si\/main\/wp-content\/uploads\/2022\/01\/slika_014-1024x686.jpg 1024w, https:\/\/sodelo.fsd.uni-lj.si\/main\/wp-content\/uploads\/2022\/01\/slika_014-300x201.jpg 300w, https:\/\/sodelo.fsd.uni-lj.si\/main\/wp-content\/uploads\/2022\/01\/slika_014-768x514.jpg 768w, https:\/\/sodelo.fsd.uni-lj.si\/main\/wp-content\/uploads\/2022\/01\/slika_014-1536x1029.jpg 1536w, https:\/\/sodelo.fsd.uni-lj.si\/main\/wp-content\/uploads\/2022\/01\/slika_014.jpg 1804w\" sizes=\"auto, (max-width: 1024px) 100vw, 1024px\" \/><figcaption>Novoletno kosilo december 1988. Asistenta sta\u017eista in mlada raziskovalka.<\/figcaption><\/figure>\n\n\n\n<p><\/p>\n\n\n\n<figure class=\"wp-block-image size-large\"><img loading=\"lazy\" decoding=\"async\" width=\"1024\" height=\"686\" src=\"https:\/\/sodelo.fsd.uni-lj.si\/main\/wp-content\/uploads\/2022\/01\/slika_015-1024x686.jpg\" alt=\"\" class=\"wp-image-377\" srcset=\"https:\/\/sodelo.fsd.uni-lj.si\/main\/wp-content\/uploads\/2022\/01\/slika_015-1024x686.jpg 1024w, https:\/\/sodelo.fsd.uni-lj.si\/main\/wp-content\/uploads\/2022\/01\/slika_015-300x201.jpg 300w, https:\/\/sodelo.fsd.uni-lj.si\/main\/wp-content\/uploads\/2022\/01\/slika_015-768x514.jpg 768w, https:\/\/sodelo.fsd.uni-lj.si\/main\/wp-content\/uploads\/2022\/01\/slika_015-1536x1029.jpg 1536w, https:\/\/sodelo.fsd.uni-lj.si\/main\/wp-content\/uploads\/2022\/01\/slika_015.jpg 1804w\" sizes=\"auto, (max-width: 1024px) 100vw, 1024px\" \/><figcaption>Novoletno praznovanje s nekdanjimi u\u010diteljicami \u0161ole decembra 1988. Od leve stojijo: Marija Jan\u010dar, Nika Arko in Gabi \u010ca\u010dinovi\u010d Vogrin\u010di\u010d (dekanja).<\/figcaption><\/figure>\n\n\n\n<p><\/p>\n\n\n\n<figure class=\"wp-block-image size-large\"><img loading=\"lazy\" decoding=\"async\" width=\"1024\" height=\"706\" src=\"https:\/\/sodelo.fsd.uni-lj.si\/main\/wp-content\/uploads\/2022\/01\/slika_017-1024x706.jpg\" alt=\"\" class=\"wp-image-379\" srcset=\"https:\/\/sodelo.fsd.uni-lj.si\/main\/wp-content\/uploads\/2022\/01\/slika_017-1024x706.jpg 1024w, https:\/\/sodelo.fsd.uni-lj.si\/main\/wp-content\/uploads\/2022\/01\/slika_017-300x207.jpg 300w, https:\/\/sodelo.fsd.uni-lj.si\/main\/wp-content\/uploads\/2022\/01\/slika_017-768x530.jpg 768w, https:\/\/sodelo.fsd.uni-lj.si\/main\/wp-content\/uploads\/2022\/01\/slika_017.jpg 1350w\" sizes=\"auto, (max-width: 1024px) 100vw, 1024px\" \/><figcaption>Kolektiv V\u0160SD leta 1976. V sredini sedi Marija Jan\u010dar, desno ob njej Gabi \u010ca\u010dinovi\u010d Vogrin\u010di\u010d, Nika Arko. V drugi vrsti Lojzka Kadunc, direktor Ivan Jenko, Vida Milo\u0161evi\u010d, predzadnja vrsta Rezka Re\u0161ek. V zadnji vrsti drugi z leve Teodor Stoj\u0161in, deveti Franci Stopajnik, ob njem Pavla Rapo\u0161a Tajn\u0161ek.<\/figcaption><\/figure>\n\n\n\n<p><\/p>\n\n\n\n<figure class=\"wp-block-image size-large\"><img loading=\"lazy\" decoding=\"async\" width=\"1024\" height=\"759\" src=\"https:\/\/sodelo.fsd.uni-lj.si\/main\/wp-content\/uploads\/2022\/01\/slika_018-1024x759.jpg\" alt=\"\" class=\"wp-image-380\" srcset=\"https:\/\/sodelo.fsd.uni-lj.si\/main\/wp-content\/uploads\/2022\/01\/slika_018-1024x759.jpg 1024w, https:\/\/sodelo.fsd.uni-lj.si\/main\/wp-content\/uploads\/2022\/01\/slika_018-300x222.jpg 300w, https:\/\/sodelo.fsd.uni-lj.si\/main\/wp-content\/uploads\/2022\/01\/slika_018-768x569.jpg 768w, https:\/\/sodelo.fsd.uni-lj.si\/main\/wp-content\/uploads\/2022\/01\/slika_018-1536x1138.jpg 1536w, https:\/\/sodelo.fsd.uni-lj.si\/main\/wp-content\/uploads\/2022\/01\/slika_018.jpg 2008w\" sizes=\"auto, (max-width: 1024px) 100vw, 1024px\" \/><figcaption>Okrogla miza o visoko\u0161olskem \u0161tudiju za socialno delo na Vi\u0161ji \u0161oli za socialne delavce. Na fotografiji eden od gostov prof. Veljko Rus z dekanjo Gabi \u010ca\u010dinovi\u010d Vogrin\u010di\u010d. Zadaj sedijo Franci Stopajnik, Anton Kikelj, Nace Kova\u010d. Spredaj sedi: Milko Po\u0161trak. Teden Univerze decembra leta 1990.<\/figcaption><\/figure>\n\n\n\n<p><\/p>\n\n\n\n<h2 class=\"wp-block-heading\">1960<\/h2>\n\n\n\n<figure class=\"wp-block-gallery has-nested-images columns-default is-cropped wp-block-gallery-1 is-layout-flex wp-block-gallery-is-layout-flex\"><\/figure>\n\n\n\n<h2 class=\"wp-block-heading\">1970<\/h2>\n\n\n\n<figure class=\"wp-block-gallery has-nested-images columns-default is-cropped wp-block-gallery-2 is-layout-flex wp-block-gallery-is-layout-flex\"><\/figure>\n\n\n\n<h2 class=\"wp-block-heading\">1980<\/h2>\n\n\n\n<figure class=\"wp-block-gallery has-nested-images columns-default is-cropped wp-block-gallery-3 is-layout-flex wp-block-gallery-is-layout-flex\"><\/figure>\n\n\n\n<h2 class=\"wp-block-heading\">1990<\/h2>\n\n\n\n<figure class=\"wp-block-gallery has-nested-images columns-default is-cropped wp-block-gallery-4 is-layout-flex wp-block-gallery-is-layout-flex\"><\/figure>\n\n\n\n<hr class=\"wp-block-separator has-text-color has-dark-gray-color has-css-opacity has-dark-gray-background-color has-background is-style-wide\"\/>\n\n\n\n<figure class=\"wp-block-gallery has-nested-images columns-2 wp-block-gallery-5 is-layout-flex wp-block-gallery-is-layout-flex\"><\/figure>\n\n\n\n<p class=\"has-bright-blue-color has-text-color\"><\/p>\n","protected":false},"excerpt":{"rendered":"<p>Galerija zgodovinskih fotografij \/ Historic photos vir (vse fotografije): Zavir\u0161ek, D. (Ur.). (2005).&nbsp;\u201cZ diplomo mi je bilo la\u017eje delat!\u201d: znanstveni zbornik ob 50-letnici izobra\u017eevanja za socialno delo v Sloveniji. Fakulteta za socialno delo. 1960 1970 1980 1990<\/p>\n","protected":false},"author":1,"featured_media":0,"parent":0,"menu_order":0,"comment_status":"closed","ping_status":"closed","template":"","meta":{"footnotes":""},"class_list":["post-294","page","type-page","status-publish","hentry"],"_links":{"self":[{"href":"https:\/\/sodelo.fsd.uni-lj.si\/main\/wp-json\/wp\/v2\/pages\/294","targetHints":{"allow":["GET"]}}],"collection":[{"href":"https:\/\/sodelo.fsd.uni-lj.si\/main\/wp-json\/wp\/v2\/pages"}],"about":[{"href":"https:\/\/sodelo.fsd.uni-lj.si\/main\/wp-json\/wp\/v2\/types\/page"}],"author":[{"embeddable":true,"href":"https:\/\/sodelo.fsd.uni-lj.si\/main\/wp-json\/wp\/v2\/users\/1"}],"replies":[{"embeddable":true,"href":"https:\/\/sodelo.fsd.uni-lj.si\/main\/wp-json\/wp\/v2\/comments?post=294"}],"version-history":[{"count":27,"href":"https:\/\/sodelo.fsd.uni-lj.si\/main\/wp-json\/wp\/v2\/pages\/294\/revisions"}],"predecessor-version":[{"id":617,"href":"https:\/\/sodelo.fsd.uni-lj.si\/main\/wp-json\/wp\/v2\/pages\/294\/revisions\/617"}],"wp:attachment":[{"href":"https:\/\/sodelo.fsd.uni-lj.si\/main\/wp-json\/wp\/v2\/media?parent=294"}],"curies":[{"name":"wp","href":"https:\/\/api.w.org\/{rel}","templated":true}]}}